e
Is 94169 a composite number?
False
Is 951019 a prime number?
True
Is 876569 composite?
False
Is 1115011 a prime number?
True
Is 11633 a prime number?
True
Is 23963 a prime number?
False
Is 1010791 a composite number?
False
Is 88993 composite?
False
Is 130547 a composite number?
False
Is 27143 a prime number?
True
Is 41719 a composite number?
False
Is 118 a composite number?
True
Is 251 a composite number?
False
Is 4271 prime?
True
Is 19001 prime?
True
Is 863 composite?
False
Is 1523479 a composite number?
True
Is 4037 a composite number?
True
Is 182581 composite?
True
Is 21253 a prime number?
False
Is 184663 composite?
True
Is 28507 composite?
True
Is 3763 prime?
False
Is 7067 prime?
False
Is 70279 a prime number?
False
Is 1517209 a composite number?
False
Is 182803 prime?
True
Is 4327 a composite number?
False
Is 2933 a composite number?
True
Is 68141 prime?
True
Is 15053 a composite number?
False
Is 37473 a prime number?
False
Is 799607 a composite number?
True
Is 10637 prime?
False
Is 131 composite?
False
Is 1137311 a prime number?
False
Is 6907 a composite number?
False
Is 526739 prime?
True
Is 378353 a composite number?
False
Is 215843 prime?
True
Is 1979 a composite number?
False
Is 22421 a composite number?
True
Is 56251 a prime number?
False
Is 306591 composite?
True
Is 20849 a prime number?
True
Is 1655531 prime?
True
Is 9349 a composite number?
False
Is 21874 a composite number?
True
Is 29599 prime?
True
Is 124339 prime?
True
Is 6333 a prime number?
False
Is 655969 a prime number?
False
Is 8581 a prime number?
True
Is 7573 a prime number?
True
Is 26459 a prime number?
True
Is 29803 a prime number?
True
Is 5158 a prime number?
False
Is 26651 a composite number?
True
Is 14395 prime?
False
Is 2683645 a composite number?
True
Is 38509 a composite number?
True
Is 1188457 a prime number?
True
Is 17783 a composite number?
False
Is 549863 a prime number?
True
Is 40277 prime?
True
Is 337 a composite number?
False
Is 10079 prime?
True
Is 37217 composite?
False
Is 239231 a prime number?
True
Is 8921 composite?
True
Is 21011 a composite number?
False
Is 55523 a prime number?
False
Is 5231 a prime number?
True
Is 21761 a composite number?
True
Is 5539 a composite number?
True
Is 53386 composite?
True
Is 112687 composite?
False
Is 44949 a composite number?
True
Is 293489 prime?
False
Is 129491 composite?
False
Is 17231 composite?
False
Is 221 composite?
True
Is 235091 composite?
False
Is 187919 a composite number?
True
Is 16561 a composite number?
False
Is 27271 prime?
True
Is 1721183 a composite number?
False
Is 6119 composite?
True
Is 54959 a prime number?
True
Is 422405 a prime number?
False
Is 221393 composite?
False
Is 278195 prime?
False
Is 10427 a composite number?
False
Is 12949 composite?
True
Is 51827 prime?
True
Is 6191 a prime number?
False
Is 274213 a composite number?
False
Is 3407 prime?
True
Is 20323 a composite number?
False
Is 10279 a prime number?
False
Is 1937 composite?
True
Is 2148865 a composite number?
True
Is 12767 composite?
True
Is 5141 a composite number?
True
Is 202643 prime?
False
Is 576577 a prime number?
True
Is 292582 a composite number?
True
Is 457 composite?
False
Is 806266 a prime number?
False
Is 78673 prime?
False
Is 47777 prime?
True
Is 371617 a prime number?
True
Is 246691 a composite number?
True
Is 102761 prime?
True
Is 17863 composite?
False
Is 32251 prime?
True
Is 184411 a prime number?
False
Is 5137 prime?
False
Is 533095 prime?
False
Is 308519 prime?
True
Is 18863 a prime number?
False
Is 424519 a composite number?
False
Is 30289 a prime number?
False
Is 9743 a composite number?
False
Is 30791 a prime number?
False
Is 153749 a prime number?
True
Is 955211 a composite number?
False
Is 982299 a prime number?
False
Is 55049 a composite number?
False
Is 1706 composite?
True
Is 105863 prime?
True
Is 68007 a composite number?
True
Is 9127 prime?
True
Is 93799 composite?
True
Is 373 composite?
False
Is 124687 a prime number?
False
Is 3907 a prime number?
True
Is 256757 prime?
True
Is 73673 a prime number?
True
Is 12499 a prime number?
False
Is 105503 composite?
False
Is 614551 a prime number?
False
Is 7051 composite?
True
Is 21557 composite?
False
Is 172787 a composite number?
False
Is 19 composite?
False
Is 65883 composite?
True
Is 577463 composite?
False
Is 2984309 prime?
False
Is 395221 prime?
False
Is 873245 prime?
False
Is 16739 prime?
False
Is 10753 a prime number?
True
Is 3337 a prime number?
False
Is 200879 prime?
False
Is 3979 prime?
False
Is 55943 prime?
False
Is 201473 a prime number?
True
Is 302871 prime?
False
Is 21251 a prime number?
False
Is 3863 a composite number?
False
Is 2857 a prime number?
True
Is 29101 composite?
False
Is 10291 prime?
False
Is 15031 prime?
True
Is 2609 a composite number?
False
Is 474745 prime?
False
Is 2473943 a composite number?
False
Is 197909 a composite number?
False
Is 2153 prime?
True
Is 132179 composite?
True
Is 191 composite?
False
Is 176651 a composite number?
False
Is 308135 a composite number?
True
Is 4867 a composite number?
True
Is 42949 a prime number?
False
Is 765707 a composite number?
False
Is 36401 prime?
False
Is 186926 composite?
True
Is 2913 a prime number?
False
Is 228133 prime?
False
Is 76649 a composite number?
False
Is 957893 a prime number?
False
Is 152501 a composite number?
False
Is 37187 a composite number?
True
Is 12946 composite?
True
Is 147685 a prime number?
False
Is 2722 a composite number?
True
Is 37397 a composite number?
False
Is 178037 composite?
False
Is 4661 composite?
True
Is 515737 prime?
True
Is 8039 prime?
True
Is 267051 a composite number?
True
Is 38462 a prime number?
False
Is 75623 composite?
True
Is 765899 prime?
True
Is 132661 a prime number?
True
Is 7671 prime?
False
Is 57083 composite?
True
Is 66029 prime?
True
Is 27043 composite?
False
Is 103127 a prime number?
False
Is 95155 a prime number?
False
Is 24209 a prime number?
False
Is 299239 prime?
True
Is 54641 a composite number?
True
Is 9961 prime?
False
Is 541469 a prime number?
True
Is 18329 a composite number?
False
Is 15591 prime?
False
Is 9661 composite?
False
Is 797 a composite number?
False
Is 42037 prime?
False
Is 30869 prime?
True
Is 23602 prime?
False
Is 16811 composite?
False
Is 115129 a composite number?
True
Is 907 a prime number?
True
Is 5779 a prime number?
True
Is 1399 prime?
True
Is 208457 a composite number?
False
Is 25339 a composite number?
False
Is 234131 prime?
True
Is 728417 a composite number?
False
Is 177703 prime?
False
Is 20849 prime?
True
Is 94687 a composite number?
False
Is 3281 a composite number?
True
Is 1440035 prime?
False
Is 39499 a composite number?
False
Is 138461 a composite number?
False
Is 70823 prime?
True
Is 224221 composite?
False
Is 1119649 prime?
True
Is 739 a composite number?
False
Is 67351 composite?
True
Is 55135 a prime number?
False
Is 194965 prime?
False
Is 20777 prime?
False
Is 30911 a prime number?
True
Is 500893 prime?
False
Is 331801 prime?
True
Is 599927 composite?
False
Is 46993 a prime number?
True
Is 50951 a composite number?
False
Is 1634001 composite?
True
Is 34057 composite?
False
Is 42843 a composite number?
True
Is 395909 prime?
True
Is 1571023 composite?
False
Is 1769501 prime?
True
Is 156217 composite?
False
Is 116483 prime?
True
Is 220085 a prime number?
False
Is 32471 a composite number?
True
Is 3791 a composite number?
True
Is 13571 composite?
True
Is 1927831 prime?
False
Is 165139 a composite number?
True
Is 21311 a prime number?
False
Is 166373 prime?
False
Is 1009 composite?
False
Is 54539 composite?
False
Is 15893 prime?
False
Is 3907 a prime number?
True
Is 7331 a composite number?
False
Is 21633 composite?
True
Is 59335 a composite number?
True
Is 642595 prime?
False
Is 164563 a prime number?
False
Is 371563 a composite number?
True
Is 1673 a composite number?
True
Is 17669 a composite number?
False
Is 119383 a composite number?
True
Is 3994 a prime number?
False
Is 15427 a composite number?
False
Is 635 prime?
False
Is 11771 prime?
False
Is 16273 prime?
True
Is 33727 prime?
False
Is 355891 a prime number?
True
Is 2234 prime?
False
Is 831923 a composite number?
True
Is 264871 a composite number?
False
Is 29603 composite?
True
Is 7217 a prime number?
False
Is 106681 prime?
True
Is 38989 a 